/5. Let o = 73 - 37. Calculate the highest common divisor of o and d.
12
Let w(m) = m + 7. Let a be 4 - (1 + 1) - -2. Let i be w(a). Calculate the greatest common divisor of 1 and i.
1
Suppose 3*w = 4*v - w + 8, -3*w = -12. Let g be 67 + 4/(-4 + v). Calculate the highest common divisor of 13 and g.
13
Let r = 10 - -1. Let s = -33 + 55. Calculate the highest common factor of s and r.
11
Suppose -3*x + 17 = 2*y + 2, -y + 15 = 4*x. What is the greatest common divisor of x and 4?
1
Let t(f) = -3*f - 3. Let g be t(-10). Calculate the highest common factor of 3 and g.
3
Let y be (-9)/(-6) - (-3)/6. What is the greatest common divisor of 8 and y?
2
Suppose 5*w - 71 = 19. Calculate the highest common factor of w and 162.
18
Suppose 5*k + 0*k - 4*z - 129 = 0, k + 2*z - 37 = 0. Suppose r - k = h, 3*h + 14 = 2*r - 43. Calculate the greatest common factor of 12 and r.
6
Let n be ((-9)/6*2)/1. Let v be (n/2)/(9/(-120)). What is the highest common divisor of v and 2?
2
Let x = 407 + -277. What is the highest common factor of 26 and x?
26
Suppose 1 = 4*b + 9. Let n = 10 - b. Calculate the highest common divisor of 48 and n.
12
Suppose -z + 16 = z. Suppose 2*o - z = 26. Let h = -76 + 144. What is the highest common factor of h and o?
17
Let o = -145 - -158. Calculate the highest common factor of o and 156.
13
Suppose 7*g - 378 = 5*g. Suppose g = -w + 4*w. Let u(k) = -k + 9. Let c be u(0). What is the greatest common divisor of w and c?
9
Let t be (1 + 5/(-3))*-12. Suppose -2*h - 4*c + 252 = 3*h, -5*c = -h + 33. What is the highest common divisor of h and t?
8
Suppose -22 - 3 = -5*b. Suppose -48 = -3*z + 2*u + 35, b*z + 4*u = 131. Calculate the greatest common factor of z and 3.
3
Let y(x) = -3 + 3*x**2 + 2*x + 0 + x. Let k be -1 - (-2 - (0 + -4)). Let u be y(k). What is the greatest common divisor of u and 10?
5
Suppose 21 = 3*o - 15. What is the greatest common factor of o and 8?
4
Let z(p) = p + 11. Let h be z(-6). Suppose -5*y - 162 = -h*d - 727, y + 3*d = 109. Calculate the greatest common divisor of y and 14.
14
Suppose 3*x - 72 = -2*p, 3*p - 3*x - 27 = 2*p. Let t = -409 + 706. What is the greatest common divisor of p and t?
33
Let g be 22 + -19 + 0 + 52. What is the greatest common factor of 22 and g?
11
Let z = -1 - -5. Suppose 5*v = 2*k - 15, -2*k = -4*k + 10. Let i = v + z. Calculate the greatest common factor of i and 6.
3
Let x(t) = 6*t**2 - 2*t - 8. Let f be x(6). Calculate the highest common divisor of f and 28.
28
Let p = -2 - -4. Suppose 20 - 90 = -5*m - 2*k, 2*k + 14 = p*m. Calculate the highest common divisor of 48 and m.
12
Suppose -y - 1 = 6. Suppose 3*q - 3*i = 21 + 12, 0 = -q - 3*i - 1. Let p = q - y. Calculate the greatest common factor of p and 30.
15
Suppose -4*m + 4 = -4*q - 452, -5*m = 5*q - 530. Calculate the greatest common factor of m and 44.
22
Let p = -16 - -34. What is the highest common divisor of p and 45?
9
Let h = -56 + 91. Calculate the highest common divisor of h and 385.
35
Let p be 145/4 - (-20)/(-80). What is the greatest common factor of 180 and p?
36
Suppose 0 = -j + 4*j. Let d = -1 + j. Let o be (d - -1) + 154/2. What is the greatest common factor of o and 11?
11
Let k = -905 + 916. Suppose 2*x - 3*d - 10 = 0, 0 = 2*x + d - 6 - 20. Calculate the highest common factor of x and k.
11
Suppose 0 = 4*t - 76 - 132. Let x = t + -4. Let n be -2 + -7*(-2)/1. Calculate the greatest common factor of x and n.
12
Let i = 31 + -14. Let x be (102/(-8))/(3/(-12)). What is the highest common divisor of i and x?
17
Suppose 8 = 2*r - 12. Calculate the highest common divisor of 10 and r.
10
Suppose 0 = 4*p + 393 - 441. What is the highest common factor of 54 and p?
6
Suppose 0 = 6*v - 7*v + 39. Calculate the greatest common factor of 351 and v.
39
Let z = 42 + -38. What is the greatest common factor of 6 and z?
2
Let u(h) = 11*h**2 - 2*h. Let a be u(2). Calculate the greatest common divisor of 80 and a.
40
Let b be 357/9 - 1/(-3). Suppose 2*x - 185 = -5*d - 0*x, b = d + x. Calculate the greatest common divisor of 7 and d.
7
Suppose -2*o - 9 = 3*j, 5*o - 4*j + 10 = -9*j. Suppose 8*p = o*p + 100. What is the greatest common divisor of 10 and p?
10
Suppose -2 = -4*n + 6, -64 = -4*x - 4*n. Suppose i - x = 58. Calculate the greatest common factor of 9 and i.
9
Let u = -13 + 23. Calculate the greatest common divisor of u and 10.
10
Suppose -16 = -5*k + 24. What is the greatest common divisor of k and 20?
4
Let r = -31 + 106. Suppose 0*l - 2*l + 12 = 0. Suppose 0 = -l*b + b + 150. Calculate the greatest common divisor of b and r.
15
Let j(v) = v**3 - 6*v**2 + 6*v. Let r be j(5). Let w(b) = -2*b**2 + 32*b - 51. Let d be w(14). What is the greatest common factor of r and d?
5
Suppose -4*o = 21 + 147. Suppose -62 + 172 = -5*r. Let q = r - o. Calculate the highest common factor of q and 8.
4
Let l be (12/(-5))/((-4)/(-50)). Let r(x) = 43*x**2 - 1. Let y be r(1). Let o = y + l. Calculate the greatest common divisor of o and 60.
12
Let q be 1/1 - (-1 + 1). Let a be 1 + -2 - (-3)/q. Suppose 3*t - 63 = a*t. What is the greatest common factor of t and 9?
9
Let s = -9 - -4. Let p(l) = 8 - l**3 - 6*l**2 + 3 - 6*l - 12. Let q be p(s). Calculate the highest common factor of 32 and q.
4
Suppose 2*p - 4*z = -p - 122, 4*p = -z - 169. Let s = p - -90. Let c = -12 - -24. What is the highest common divisor of c and s?
12
Let z(c) = -2*c**3 + 12*c**2 + 9*c + 1. Let v be z(6). Suppose 0 = -3*r + 2*w + 58, -14 = -4*w + 2. Calculate the greatest common divisor of r and v.
11
Suppose d - 2*d - 4*r + 19 = 0, -5*d = 3*r - 44. What is the greatest common divisor of 28 and d?
7
Let f = -3 + 9. Let l be -1*(-3)/f*4. Calculate the highest common divisor of 10 and l.
2
Let f be (16/12)/2*72. What is the highest common divisor of 6 and f?
6
Let q(j) = -j**2 - 1. Let v(y) = 4*y**2 + 5*y - 11. Let s(u) = -5*q(u) - v(u). Let m be s(-7). What is the highest common divisor of 20 and m?
20
Let f(n) = n**3 + 8*n**2 - 3*n - 18. Let i be f(-8). What is the greatest common factor of i and 48?
6
Suppose 4*l = i + 416, 4*i = 2*l + 3*i - 208. What is the greatest common divisor of l and 13?
13
Let u(n) = n**3 + 7*n**2 - 9*n - 8. Let k be u(-8). Suppose k = 4*q + r - 47, 4*r + 35 = 4*q - 37. Calculate the greatest common divisor of q and 65.
13
Let v = 7 + 21. What is the greatest common factor of v and 252?
28
Suppose 11 + 11 = m. Calculate the highest common divisor of m and 110.
22
Let v be 69 - (8 - 4) - -1. What is the highest common factor of 165 and v?
33
Let b = 130 - 82. Let h = -23 + b. Let i = 9 + -4. What is the greatest common divisor of h and i?
5
Suppose b = 8 + 3. Let a = 15 - b. What is the greatest common factor of a and 28?
4
Let i(q) = -6 + 4 + 3 + 2*q. Let h be i(1). Suppose 4*s = 2*j - 20, 2*j + 4 = h*s + 23. Calculate the highest common factor of 32 and j.
8
Let n(v) = -v**3 - 5*v**2 + 2*v - 6. Let s be n(-6). What is the greatest common divisor of 198 and s?
18
Suppose -5*z + 18 + 7 = 0. Calculate the highest common divisor of z and 35.
5
Suppose 2*g - 3*g = 4*p - 26, -5*p + 27 = 4*g. Let b = 70 + p. Let y = b - -14. What is the greatest common factor of 13 and y?
13
Suppose 193 = 4*t - 4*v - 135, 0 = -2*t - 4*v + 152. Calculate the highest common factor of 16 and t.
16
Suppose -2*c = w - 3*w + 40, 5*w - 2*c = 91. What is the highest common divisor of w and 17?
17
Let f(w) = -3*w - 3. Let j be f(-2). Suppose 9 = 3*x + i, -3*i = 5*x - 4*i - 15. Calculate the greatest common factor of j and x.
3
Let h = 26 - -60. Let q = h + -31. Let f(d) = d**3 + 22*d**2 - 24*d - 18. Let o be f(-23). Calculate the highest common divisor of q and o.
5
Let r(x) = 14*x**2 - 5*x - 4. Let o(q) = -14*q**2 + 6*q + 5. Let n(f) = 5*o(f) + 6*r(f). Let h be n(-1). Calculate the greatest common factor of h and 15.
15
Let v be -8*(84/(-16) - -3)/1. Calculate the greatest common factor of v and 126.
18
Let i(a) = -110*a. Let z be i(-1). Let b be 0/((2*-3)/3). Suppose 2*u - 3*t - 37 = b, -2*u + 5*t - 19 = -66. What is the highest common factor of z and u?
11
Let y = 111 - 103. What is the greatest common divisor of y and 12?
4
Let x be (-9)/((-9)/(-3)) + 13. Calculate the greatest common factor of 2 and x.
2
Let v(q) = q**3 - 7*q**2 + 8*q - 8. Let c be v(6). Suppose -3 - 5 = -c*g - 4*w, 5*w 